(u).
5
Let w(t) = -2*t**2 + 5*t - 6. Let a(z) = z**2 + 7*z + 8. Let q be a(-6). Suppose 4*x - q*x - 8 = 0. Give w(x).
-18
Suppose -f - 2*x = -7, -31 = 2*f - 0*f - 5*x. Let l(d) = -3*d**3 + 4*d**3 - 2 - 30*d**2 + 0*d**3 + d + 33*d**2. Determine l(f).
-5
Let s(r) = 3*r**3 - 5*r**2 + 7*r + 1. Let k(v) = v**3 - v**2 + v. Let x(w) = 4*k(w) - s(w). Determine x(-2).
1
Suppose i = -2*j + 18, 1065*j = i + 1062*j + 22. Let k(u) be the first derivative of u**3 + u**2 + u - 1. Calculate k(i).
17
Let y(m) = m**3 + 14 + 8*m + 20*m - 15*m + 13*m**2. What is y(-12)?
2
Let f(i) = i**2 + 5*i + 3. Let a = 25 + -13. Suppose 2*l = -0*l - a. What is f(l)?
9
Let j = -88 - -84. Let n(o) = 4*o - 9*o**2 + 6*o**2 + 5*o**2 + 4. Give n(j).
20
Let n(f) = 0*f - f**2 + 3*f - 1 + 2. Let j(w) = w**2 - 3*w - 2. Let k(l) = -3*j(l) - 4*n(l). Suppose 0 = 10*y - 265 + 225. Calculate k(y).
6
Let c(s) = s**2 - s. Let d(n) = -25*n**2 - 3*n + 1. Let y(p) = -4*c(p) + d(p). Give y(-1).
-29
Let o(m) = m**2 - 3*m - 8. Let w be o(5). Let n(f) = -2*f**w + 9*f**2 - 4*f**2 - 2*f**3 + 3*f + f**3. Determine n(4).
-4
Let h(k) = -k**3 - 6*k**2 + 10*k - 5. Suppose 0 = 29*f + 5*f + 272. Calculate h(f).
43
Suppose -5*u = 9 + 6, 4*t = -4*u - 12. Let z(b) = b + 0 + 10 + t - 7. Let r be (-1 + 10/4)*-4. Determine z(r).
-3
Let a be -7 - 8/16*-18. Let u(y) = -y**3 - y + 2. Give u(a).
-8
Let j(s) be the third derivative of -s**6/120 - 7*s**5/60 + s**4/8 - 3*s**3/2 - 13*s**2 + 2. What is j(-7)?
-30
Suppose 6*z + 3*m + 33 = 9*z, m + 5 = 0. Let x = -1 - z. Let g(a) = a + 7. Give g(x).
0
Let j(g) be the third derivative of g**4/24 + 3*g**2. Suppose -7*v = -13 - 36. Suppose 3*a = -3*i + v*i - 15, 5*a - 3*i + 14 = 0. Determine j(a).
-1
Let h(x) = x**3 - 5*x**2 - 8*x + 3. Let i(u) be the first derivative of 2*u**3/3 + u**2 - 2*u + 2. Let w be i(-2). Let y = 8 - w. Give h(y).
-9
Suppose 16 = a - 3*i, -3*i + 2 + 3 = 2*a. Suppose -10*w + 9 = -a*w. Let c(z) = 5*z - z**2 - 6*z + 9 - w - 4*z. Determine c(-6).
0
Let t(w) = -w**3 + 14*w**2 - 12*w - 7. Let i(s) = -s + 8. Let g be i(-5). Let j be t(g). Let y(d) = d**3 - 6*d**2 + d - 1. What is y(j)?
5
Suppose -5*v + 46 = 2*m, 41 - 8 = 3*v + 3*m. Suppose 4*k + 20 = 0, -4*k - 3 = 3*n + v. Suppose 17 = -4*p - n. Let q(d) = d**3 + 4*d**2 - 3*d + 1. What is q(p)?
-9
Let d(p) = -8 + 6*p + 19 - 15 + 0*p - 5. What is d(4)?
15
Let d(a) be the first derivative of 2*a**2 + 6*a - 681. What is d(-7)?
-22
Let h(l) be the first derivative of 7*l**3/3 + l + 61. Determine h(1).
8
Let c(j) = 25*j**2 + 0 - 113*j**2 + j + 49*j**2 - 1. Determine c(1).
-39
Let k(f) = -5*f - 8. Let z(l) = 6*l + 10. Suppose 5*u = -5*j + 9*u - 32, -j - 19 = -5*u. Let p(x) = j*z(x) - 5*k(x). Suppose -7 + 3 = -o. Determine p(o).
4
Let c be (0 + 1)/((-1)/(-2)). Let d(i) = -4 + 3*i**2 - 4*i**c - 6*i - 1. Let g = 820 + -824. Determine d(g).
3
Let l(v) = 13*v - 578. Let y be l(44). Let i(s) = s**3 + 6*s**2 - 2*s - 8. Determine i(y).
4
Let n be ((54/(-42))/3)/((-2)/14). Let c(t) = -4*t**2 + 1 + 55*t**3 - 56*t**n + 4*t - 2. Give c(-5).
4
Let o(c) = -c**2 - 5*c + 8. Suppose -3*j + 2*j = 4. Let t = j + 4. Let z be 24/(-4) - (t + 0). Determine o(z).
2
Let p be ((-66)/(-8))/(39/(-104)). Let y = 22 + p. Let o(a) = a**2 + a - 3. Calculate o(y).
-3
Let m(a) = -5*a + 4. Let p(t) = -3*t**3 - 12*t**2 + t + 11. Let s be p(-4). Give m(s).
-31
Suppose 0*q = 4*b - 2*q - 24, -5*b = 5*q - 30. Let t(j) be the first derivative of -b*j - 6*j + 9*j + 1 + 2*j**2. Determine t(2).
5
Let r(m) be the first derivative of -m**5/120 + m**4/4 - 47*m**3/3 + 3. Let d(j) be the third derivative of r(j). What is d(6)?
0
Let a(s) = -s + 21. Let g be ((-22)/20*4)/((-114)/285). What is a(g)?
10
Let t(u) = -u**3 + 5*u**2 + 3*u - 1. Let d be (-1)/4 + (-120)/32. Let m be (5 + -1)/d + (-14)/(-2). Give t(m).
-19
Let y(q) be the first derivative of -q**4/12 + 7*q**3/6 + 11*q**2/2 - 15*q + 14. Let v(k) be the first derivative of y(k). Determine v(8).
3
Suppose 3*k - 3*p + 57 = -7*p, 0 = 5*k + 3*p + 106. Let w be k - (-2 + 6)/(-4). Let l = w - -24. Let i(n) = -4*n + 3. Give i(l).
-5
Suppose -6*q = -17*q + 22. Let m(l) = -4*l**2 - 3*l**2 - q + 6*l**2. Give m(0).
-2
Let o(l) = 2*l - 10. Let x be (-2)/(-9) - 16/72. Let v(p) = x + 3 - 4*p + p + 12. Let a(z) = -7*o(z) - 5*v(z). Determine a(5).
0
Let q(u) be the first derivative of -u**3/3 + 4*u**2 + 194. What is q(6)?
12
Let w(u) = -9*u**3 - 7*u + 3. Let g(q) = 3*q**3 + 2*q - 1. Let s(k) = 7*g(k) + 2*w(k). Suppose -23*f - 126 + 149 = 0. Give s(f).
2
Let l(h) be the second derivative of h**4/12 - 5*h**3/3 + 2*h**2 + 1648*h. Suppose 3*g + 5*p + 0 - 42 = 0, 5*g - 3*p - 36 = 0. Give l(g).
-5
Let i(d) = 4 - 45*d**2 + 0*d - 48*d**2 + 92*d**2 - 8*d. Give i(-9).
-5
Let l(q) = 5*q + 83. Let c be l(-16). Let z(g) = g**2 + 4*g - 1. Determine z(c).
20
Let h(r) = -r**3 + r**2 - 2*r - 8. Let i(a) = a**3 - 2*a**2 + 3*a + 6. Let u(k) = -6*h(k) - 7*i(k). Determine u(6).
24
Let f(d) = -d - 27. Let t(b) = 80. Let x(o) = 8*f(o) + 3*t(o). Calculate x(4).
-8
Let a(u) = 2*u**2 + 9*u + 9. Let z(y) = 3*y**2 + 14*y + 14. Let d(h) = -8*a(h) + 5*z(h). What is d(-2)?
-2
Let d(p) = p**2 + p. Let r(q) = -9*q**2 + 5*q + 2. Let y(w) = -4*d(w) + r(w). Calculate y(-1).
-12
Let m(g) = -g**2 + 34*g. Let l(r) = -r**2 + 44*r. Let z(o) = 3*l(o) - 4*m(o). Calculate z(9).
45
Let p(a) = -a - 2. Suppose -4*o + 4*l + 8 = 0, -2*o - 2 = -0*o - 4*l. Determine p(o).
-7
Let k(b) = 3*b**2 - 4*b + 3. Let x be k(1). Let g(w) = x*w + 3 + 5*w + w**2 - 2*w + 0*w. Determine g(-2).
-3
Let f(j) = j**2 - 5*j + 2. Let c be f(2). Let z = -101 + 110. Let k(t) = 14*t**2 + t + 5 - 8 + t**3 - z*t**2. Give k(c).
9
Let l(v) = v**2 - v. Let w(i) = i**3 + 20*i**2 - 22*i - 20. Suppose -103 = 5*z - 2*t, z - 2*t + 61 = -2*z. Let d be w(z). Determine l(d).
0
Let l = -10 + 13. Suppose -l*o = -5*o + 2, 5*o = -5*z + 15. Suppose -8 - z = -5*n. Let u(t) = 2*t + 1. Give u(n).
5
Let j(o) = o - 4 - 4*o + 2*o. Let z(k) be the third derivative of k**6/120 + 3*k**5/20 - 3*k**4/8 + 7*k**3/6 + 17*k**2. Let v be z(-10). Give j(v).
-1
Let o(j) be the first derivative of j**4/4 + 4*j**3/3 + j**2/2 - j + 2. Let b(f) = 78*f - 81. Let d be b(1). Give o(d).
5
Suppose 5*s - 9*s - 12 = 0. Let o(w) be the first derivative of w**4/6 + w**3/6 - 3*w**2/2 + 6. Let f(l) be the second derivative of o(l). What is f(s)?
-11
Suppose 3*p - 9 = 3*w, -3*p - 6 = 7*w - 5*w. Let j(y) be the first derivative of -y**4/4 - y**3 + 3*y + 4. Give j(w).
3
Suppose 0*h - 54 = -9*h. Let m(n) = 1 + 3*n - h + 6 + 6. What is m(5)?
22
Let z(t) = -3. Let x(w) = -w**2 + 5*w + 5. Let n(u) = x(u) + 5*z(u). Determine n(4).
-6
Let l(m) = -m**3 - 4*m**2 + 9*m + 1. Suppose 0*k - k - a - 2 = 0, -10 = -3*k + 5*a. Suppose -3*y = -k*y + 18. Determine l(y).
19
Suppose 0 = -3*b - h - 20, 11*b + 2*h - 10 = 15*b. Let l(p) = p**3 + 7*p**2 + 10*p - 10. Give l(b).
-10
Let v(p) = -p**3 + 6*p**2 + 7 - 2 - 7*p + 0*p**3. Let k(x) = 9*x - 50. Let o be k(6). Calculate v(o).
9
Let i(v) = -2*v**2 - 1. Let f(x) = 10*x**2 + 17*x + 14. Let a(n) = f(n) + 4*i(n). Calculate a(-8).
2
Let v(x) = -x**3 - 4*x**2 + 4*x - 5. Let o = -15 - -19. Let b(h) = h**3 - 5*h**2 + 3*h + 6. Let m be b(o). Suppose w - 5 = m*w. Calculate v(w).
0
Let n(w) = -2*w**3 - w**2 - 3*w. Let l(d) = 5*d**3 + 16*d**2 + 4*d - 11. Let x(h) = -l(h) - 2*n(h). What is x(-14)?
-17
Let a(h) = 13*h - 142. Let t be a(11). Let y(s) = -21*s**2 - 1. What is y(t)?
-22
Let v(s) be the first derivative of s**3/2 + s**2 - 24*s + 13. Let c(o) be the first derivative of v(o). Let l be 1 - (-2 + (0 - 1)). What is c(l)?
14
Let x(u) = -u**3 - u**2 + u + 11. Suppose 0 = y + 3*j + 28, 2*y + 0*j + 48 = 2*j. Let i be -2 - ((-3)/9 - y/(-15)). What is x(i)?
11
Let k(j) = -j**3 + 4*j**2 - 3*j + 2. Suppose 0 = 2*d + 3*a + 30, 2*a - 1 = d - 0*a. Let r be (-266)/11 + 2/11. Let u be (16/r)/(2/d). What is k(u)?
2
Let r(h) = -h**3 + 7*h**2 - 7*h + 6. Let k be r(6). Let d(y) = -4 - 5 - 36*y + 37*y. Determine d(k).
-9
Let q(v) = -7*v**3 - 6*v**2 - v - 3. Let k(b) = 3*b**3 + 3*b**2 + 2. Suppose 3*u - 5*u = 10. Let p(c) = u*k(c) - 2*q(c). Determine p(-4).
4
Let m = 1872 + -1870. Let o(q) = 2 - 3*q**2 + 5*q**2 - 2*q + 0*q**3 - q**3. Give o(m).
-2
Let t be (-471)/157*(-1 - -3). Let i(n) = -n**3 - 7*n**2 - 6*n + 15. Calculate i(t).
15
Let b(a)